6 - (-6 + 10 - -2)?
0
(9 - 4 - 11) + 5
-1
What is the value of -19 - (-9 - -2) - -6?
-6
What is (8 - (3 - -1)) + -1?
3
-5 + -8 + 3 + 5 + 2
-3
What is the value of -4 + (-4 - -7) - -1?
0
What is (5 - 9 - 8) + (3 - 1)?
-10
Evaluate (3 - (8 - 1)) + 1 + -1.
-4
-3 + -1 - 0 - -4
0
Evaluate (-2 + 3 - (0 + -2)) + -3.
0
Calculate 5 - (0 - -7) - 1 - -2.
-1
Evaluate 1 + 2 - 1 - -5.
7
What is the value of (-4 - -12) + (23 - 25)?
6
Calculate 0 + (1 - -3) + -6.
-2
What is 25 - 25 - (-2 - -1) - -3?
4
What is the value of -2 + (6 - (1 + 6))?
-3
-6 - (4 - 0 - (7 + -1))
-4
What is 8 + -11 + (-2 + 2 - -7)?
4
Evaluate (-3 - 1) + (-15 - -13).
-6
What is -5 - (-10 - (-9 + 4))?
0
Calculate 8 - 1 - 5 - (1 - 5).
6
(1 - 5 - -9) + -3 + 0
2
(-50 - -27) + 23 + (-9 - -1)
-8
1 + 1 + 2 + 1 + -2
3
What is (-10 - -13) + 1 - -4?
8
6 + (-5 + 8 - (17 - 2))
-6
Calculate (4 - -17) + -12 - 13.
-4
What is the value of -10 - (-1 + -2 - (0 - -1))?
-6
What is -6 - (-5 - 1) - -3?
3
Evaluate -172 - -170 - (0 - -5).
-7
What is 12 - (-1 - (-21 - -8))?
0
Evaluate -6 - (-10 + 0) - 0.
4
Evaluate (-5 - 4 - -21) + -4.
8
What is (4 - 3) + (5 - 1)?
5
What is 1 + (-2 - 1) + -8 + 6?
-4
What is the value of (1 - -1) + 7 + -1 + -4?
4
What is (-1 - -1) + 2 + -5?
-3
Calculate -6 + 13 - 12 - -10.
5
What is -4 + (-5 - -9 - 0)?
0
Calculate -1 + 6 - (6 + 4 + 0).
-5
What is the value of -9 - (6 - 5) - -15?
5
Calculate 0 + -1 - (16 + 21 + -34).
-4
Calculate -4 + 2 - (-2 - 4).
4
What is (2 - (1 - 0)) + (-4 - 2)?
-5
What is the value of -8 + -7 + (12 - 5)?
-8
Evaluate -17 + (2 - -8) - -9.
2
What is -4 + (9 - -4) + -18?
-9
What is the value of 11 + 6 - (2 - -9)?
6
What is the value of 0 + (3 + 3 - 2) - 8?
-4
Evaluate -5 - (-6 - -4 - 8 - -1).
4
What is the value of 5 + 2 - 2 - 4?
1
-3 - -10 - (6 + 4)
-3
What is the value of 0 + 5 - (-47 + 48)?
4
Calculate 8 + (-15 - (2 + -6)).
-3
What is the value of (-10 - (-7 + 0)) + 6?
3
(0 - -2) + -3 + 1
0
What is the value of 1 + (-1 - 1) - -2?
1
What is the value of (1 - 2) + 3 + -1 - 1?
0
Evaluate 4 + -7 - (-1 - -1).
-3
What is -5 + 7 - 7 - -2?
-3
-4 + (-7 - (3 + -14))
0
What is -10 + 2 + (40 - 27)?
5
Calculate -6 + -2 + 8 + -3 + -1.
-4
Calculate 7 - (7 - (4 + 0)).
4
What is -4 - (-12 + 5) - 0?
3
Evaluate -3 + 5 + -2 + 0 - 4.
-4
Calculate 7 + -4 + (-9 - -7).
1
What is the value of 5 + (-5 - (4 + -5)) + 0?
1
(-1 - 1) + (3 + -2 - 1)
-2
Evaluate -7 - (2 + -11 + -36 + 48).
-10
Evaluate 1 + (-2 - (-1 - -1 - -1)).
-2
What is 3 + 0 + (0 - -2) - 7?
-2
(6 - 10 - 0) + 3
-1
Calculate 0 + 1 + -48 + 49.
2
Evaluate 4 + (-2 - (2 + -7)) + 2.
9
What is the value of (-3 + 9 - 4) + 1?
3
What is -8 + 4 - -1 - -4?
1
What is the value of 1 + (5 - 0 - (17 + -4))?
-7
Calculate -9 - (-12 - -4 - 2).
1
What is (1 - 8) + 3 + (5 - 3)?
-2
What is -2 + -3 + -3 + 1 - -3?
-4
What is the value of 7 - 9 - (0 + (3 - 0))?
-5
What is -6 - (-5 - 9 - -3)?
5
Evaluate 16 + -11 + -9 - -13.
9
(6 + (-5 - -2) - 7) + -7
-11
Calculate -10 - (-4 + (5 - (10 - 4))).
-5
12 + -11 + -3 + 0
-2
What is -7 + 7 + -1 + -6?
-7
(1 + -8 - -9) + 1 + -1
2
What is -39 + 33 - (-9 + (4 - 1))?
0
Evaluate 2 + -5 + 13 - 6.
4
What is the value of -5 + (6 - (-3 - -3))?
1
Evaluate 3 + (5 - (7 - 5)).
6
What is the value of (-1 - 1) + 1 + (16 - 19)?
-4
Evaluate -11 + 8 + 8 - (-2 - -1).
6
9 - 12 - (0 + 2)
-5
-3 + 4 + 4 + -9 + 0
-4
Evaluate -1 - (-6 + 10) - -6 - -5.
6
Calculate (-1 - -5) + (-62 - -54) - 4.
-8
7 + 0 - (-8 - -20)
-5
Calculate 9 + -9 - 9 - -9.
0
Evaluate 9 - (-2 + (9 - -2)).
0
Calculate (6 - 5 - -1) + 3.
5
Calculate 1 + (1 + -2 - (4 - 6)).
2
-2 + (3 - (5 - (1 - 0)))
-3
What is the value of -2 + 12 + -4 + 0?
6
What is the value of -10 - (0 - (7 - 1 - 4))?
-8
Calculate (-19 - -24) + (-1 - 14) + 6.
-4
Calculate -4 - (-3 + (-1 - (-9 - -5))).
-4
12 + (-9 + -3 - 0)
0
Evaluate 140 + -154 + (22 - -1).
9
Evaluate -3 + (-3 - 0 - 0) + 3.
-3
What is -7 - -6 - (3 + 4 + -5)?
-3
What is 2 + -1 + -17 + 14 + 5?
3
Evaluate -4 + 0 - (14 - 8 - 9).
-1
Calculate -5 + 11 - 14 - -6.
-2
What is the value of -2 + 1 - (-27 - -51 - 23)?
-2
What is the value of 4 - -2 - (19 + -12)?
-1
4 + 2 + (8 - 19) - 1
-6
What is the value of -3 + 8 + (-3 - 0)?
2
-2 + (4 + 1 - 0)
3
What is the value of (-11 - (-4 + -1)) + 6?
0
Calculate -10 + 0 - (-25 + 18).
-3
What is the value of (2 - (2 - 5 - -6)) + -6?
-7
Evaluate -5 - -2 - (-11 - (-7 + 4)).
5
What is -5 + 0 + 3 + (0 - -2)?
0
What is 0 - 2 - 0 - (13 - 12)?
-3
What is (1 - 4) + (6 - -2 - 2)?
3
Evaluate (-21 - -29) + 0 + 3 + -8.
3
Calculate (1 - -3) + -4 + 2.
2
Evaluate (-2 - 3) + (-2 - (6 - 7)).
-6
(2 - 4) + -1 + (1 - -2)
0
6 + (-9 - (9 + -13))
1
Calculate -2 + (5 + -7 - -4).
0
Calculate (3 - 8) + (1 - 0 - 1).
-5
-2 + -1 - (-6 - (-4 - 1))
-2
Evaluate -2 - (24 + -16) - (-6 + -1).
-3
Calculate -9 - ((-6 - -11) + -23).
9
What is 7 + (-3 - -13) + -18?
-1
1 - (-6 + 6 + -4)
5
What is (4 + -3 - -3) + (-4 - 0)?
0
What is -4 - ((3 - 1) + -1 - -1)?
-6
1 - 0 - 4 - (56 + -57)
-2
Calculate -2 - (-5 + (0 + -4 - -14)).
-7
What is (-6 - (7 - 4 - 3)) + 1?
-5
What is the value of (2 - 2) + -1 - -4?
3
Calculate (8 - 6) + 0 + 2.
4
Evaluate 1 + (0 - 0) - (2 - 0).
-1
Evaluate (4 - 6) + (2 - 3).
-3
What is the value of 9 + -9 + 3 + -7?
-4
What is 5 - ((-2 - -2) + 6 + -3)?
2
What is 3 - (7 + -6) - 4?
-2
Evaluate -5 - (-12 - (2 + -20)).
-11
What is -1 - 0 - 1 - (-16 + 10)?
4
5 + -18 + 6 - -2
-5
-3 + (-1 - 8) - -6
-6
(-12 - -3 - -4) + (5 - 2)
-2
-40 + 37 + -2 + -3
-8
Calculate -6 + 7 + 1 + (1 - 1).
2
What is (2 - -1) + 16 + -8 + -8?
3
Evaluate 3 - (9 + -3 - -2 - -2).
-7
(7 - (3 - -8)) + 9
5
What is -13 - (7 + -6) - -10?
-4
What is the value of 1 - (7 - (4 + -1))?
-3
What is -2 + 5 + (2 - (1 + 6))?
-2
-7 + (-4 - -9 - 2) + -1
-5
Evaluate (-67 - -61) + 3 + -3 + 12.
6
What is -1 + (-1 - -7) + -8?
-3
Calculate (4 + 1 - (-25 + 33)) + -2.
-5
What is -13 + 10 + 10 - -1?
8
(2 + 1 - (-30 + 39)) + 13
7
-7 - (7 - (-7 + 21))
0
What is -2 + (3 - (1 + 1)) - -4?
3
What is the value of -2 + (15 + -5 - 6)?
2
What is 2 - ((2 + 2 - 4) + 5)?
-3
Evaluate 3 - (8 + 0 + 0).
-5
Calculate -4 - (-9 + 7 - (1 - 4)).
-5
Calculate -1 + -8 + 1 - -6.
-2
Calculate (2 + -5 + -1 - -9) + -1.
4
(-6 - 1) + -99 + 105
-1
What is -9 + 20 - (-2 - -16)?
-3
What is the value of 2 - 5 - -2 - 0?
-1
Calculate -8 + (1 + 0 - (-15 + 6)).
2
1 + (-2 - -2 - -3) + -7
-3
0 + 2 + -20 + 12
-6
-1 - 2 - (17 + 9 + -22)
-7
Evaluate 4 - -2 - 3 - 8.
-5
Calculate 7 - 9 - (-5 + 7 - 1).
-3
What is 3 - (4 + -10 + 10)?
-1
What is (10 - 3 - -3) + -5?
5
What is (5 - 11 - -3) + -2 + 1?
-4
Calculate 1 - 6 - (2 + -4 + 2).
-5
Evaluate (-10 - -11) + (-1 - (3 + -2)).
-1
What is the value of 2 + (-10 - 5) - -4?
-9
Evaluate -4 + -1 + (6 - 7 - -3).
-3
What is the value of (7 - 9) + -2 + 2 + 1?
-1
(13 - 14) + -2 + 1 + 7
5
Calculate 0 + -2 - (-3 + -2 + 3).
0
What is the value of 1 - -2 - (1 + 0 - 3)?
5
6 + -1 + -8 - 0
-3
Evaluate (-6 - 1) + -3 + 5.
-5
-5 - (-2 + 3) - -1
-5
Evaluate -4 + 5 - 4 - -2.
-1
What is (-1 + 5 - (2 + 1)) + -3?
-2
What is (-2 + 12 - 12) + 2?
0
-19 + 27 - ((10 - 2) + -1)
1
Calculate 7 - (0 + -5 - -7).
5
What is 2 + 2 - ((4 - 3) + 1)?
2
What is the value of (-25 - -28) + (1 - 10)?
-6
What is 1 - ((-1 - -1) + (4 - -1))?
-4
What is the value of (-21 - -29) + (-2 - 4)?
2
What is 5 + -1 + 5 + -7?
2
Calculate -3 - ((2 - -2 - 3) + 1).
-5
Evaluate (-16 - (-24 - -3)) + (-6 - 2).
-3
2 + 5 + 1 + -7
1
What is (5 - 2 - -6) + -6 - -3?
6
Evaluate (5 - (-1 + 5)) + 1.
2
What is the value of 1 + 1 + -3 + (2 - -2)?
3
What is (-1 - -1) + -14 + 15?
1
(-1 - 5 - 3) + 14
5
What is the value of (12 - 10 - 12) + 2?
-8
Calculate 1 - (3 - (-5 + 7)).
0
Evaluate 5 + (1 - (6 + -3) - 0).
3
-10 + (21 - 12) - -10
9
Calculate 6 + (5 - 11) + (0 - -4).
4
Evaluate 1 + (1 - 4) + 26 + -20.
4
-5 - ((-8 - 0) + (-7 - -11))
-1
What is 0 + -3 - ((-1 - -4) + -1)?
-5
2 + (-1 - 1) + 3
3
Calculate 1 + -15 + 13 + 10.
9
What is the value of 0 - (0 - 1 - (-2 - 0))?
-1
Calculate -6 - (-1 - 0) - -2.
-3
What is the value of (-1 - 9 - -16) + (-4 - -1)?
3
-2 - (5 - 8 - 1)
2
Evaluate (-29 - -35) + (-11 - 1) + 6.
0
Calculate -1 + 2 + 2 - (-10 + 6).
7
What is the value of (-2 - 0) + -7 - -5?
-4
0 - (-13 + 14 - (-1 + 0))
-2
Calculate (-22 - -26) + -4 + (-7 - -3).
-4
What is the value of -3 + 11 - (11 - 7)?
4
-4 + 2 + (1 - -6) - 10
-5
What is the value of (-5 - -6)